 -p - 4*s, -s - 171 - 361 = -4*p. What is the remainder when p is divided by q(8)?
13
Suppose 191*z - 4951476 = -151*z. Calculate the remainder when z is divided by 181.
179
Suppose 4*f + 1 + 3 = 0. Let l(t) be the third derivative of -31*t**4/24 - t**3/2 + 69*t**2. Calculate the remainder when 107 is divided by l(f).
23
Suppose -m + 4*m = 0, 100 = 4*p + 3*m. Suppose 657 = 8*r - 191. Let a = r + -8. Calculate the remainder when a is divided by p.
23
Suppose -68*m - 90 = -73*m - 7*f, 0 = -m - 4*f + 18. Let t = 286 - 107. Calculate the remainder when t is divided by m.
17
Let u(z) = 176 - 14*z - 4*z**2 - z**2 + 6*z**2 + 10*z. Let t be u(0). Let q = -104 + t. Calculate the remainder when q is divided by 26.
20
Let o(g) = -251*g + 257. Suppose j = -2, 2*i - 9 = i - j. Let k = i + -8. Calculate the remainder when o(1) is divided by k.
0
Let v(h) = -2*h**2 - 75*h + 92. Let p(x) = -38*x**2 - 6*x - 6. Let s be p(-1). Calculate the remainder when 701 is divided by v(s).
53
Let c = -507 + 538. Suppose 0 = 2*d - 8, 9*d + 12 = 2*g + 8*d. Calculate the remainder when c is divided by g.
7
Suppose -3*b + 102 = b - 5*c, -4*b - 3*c + 118 = 0. Suppose -4*f + 2*h = -282, 0 = -2*h - h + 9. Calculate the remainder when f/(-42)*28/16*-26 is divided by b.
22
Suppose -s - k = -543, -100*s + 96*s + 2208 = -2*k. What is the remainder when s is divided by 28?
17
Let h be 5 - 1 - (-1 + -9). Suppose -h*j + 9*j = -145. Suppose 2*r = -r + 18. Calculate the remainder when j is divided by r.
5
Let a(x) = x**2 + 6*x + 6. Let p be a(-5). Suppose g + p = 0, -5*v - 7*g = -3*g - 86. Let m = -816 - -828. Calculate the remainder when v is divided by m.
6
Suppose 0 = 16*d - 9*d - 350. Suppose 108*w = 103*w + d. Calculate the remainder when 157 is divided by w.
7
Let j = -4375 - -6432. What is the remainder when j is divided by 40?
17
Let y(b) = -351 + 0*b**3 + 7*b**3 - 6*b**3 + 342 + 9*b**2 + 9*b. Suppose -3*q = 3*t + 10 + 23, t = -5. What is the remainder when y(q) is divided by 25?
20
Let n(l) = -32*l + 2. Let v(a) = 2 + 9 + a + 2362*a**2 - 2358*a**2 + 41*a. What is the remainder when n(-3) is divided by v(-11)?
32
Suppose 4*a + l = 18, -3*a + a - 2*l + 12 = 0. Let t(y) = -y**3 + 4*y**2 + 6*y + 7. What is the remainder when (-304)/12*(-3)/a is divided by t(5)?
7
Suppose -5*y = 5, -3*y - 27 = -2*k + 6*k. Calculate the remainder when (1 + -353 + k)/(-1 + -1) is divided by 9.
8
Suppose 5*o - 11*o + 19 = -95. What is the remainder when 2960 is divided by o?
15
Suppose 3*k - 7*k = -104. Let f(p) = 42*p + 177. Calculate the remainder when k is divided by f(-4).
8
Let s = 767 - 1644. Let v = s + 910. What is the remainder when v is divided by 4?
1
Suppose 3*z = -4*b + 23, -b - 24 = -6*b + z. Suppose 5*v = 15, 2*l + 2*l - 37 = b*v. Calculate the remainder when 73 is divided by l.
8
Suppose -5*p + 1599 = -d - 161, 2*p + 3*d = 721. Suppose 3*o = -5*q + 885, -9*q = -11*q - o + p. What is the remainder when q is divided by 22?
20
Let u(t) = 6*t**2 + 83*t - 59. What is the remainder when u(-15) is divided by 14?
4
Suppose a - g + 20 - 22 = 0, -5*a + 2*g = -22. What is the remainder when a is divided by (8 - 3/3) + -2?
1
Let z = -28414 - -28441. What is the remainder when 971 is divided by z?
26
Let d(f) = -3*f - 4. Let z be d(-8). Let r = -57 + z. Let c = -15 - r. Calculate the remainder when 107 is divided by c.
19
Let y(w) = -438*w + 27228. Suppose 0 = 3*i + 3*l - 63, 0 = -4*i - l + 116 - 29. What is the remainder when y(62) is divided by i?
6
Suppose -8*a = -3*a + 10. Calculate the remainder when 135 is divided by (-6 + (-6)/a)*(-119)/21.
16
Suppose 4*m - 875 = -5*i, 33*m - 38*m - 741 = -4*i. Calculate the remainder when i is divided by 68.
43
Let s(d) = d + 12. Let u be s(-9). Let o(a) = -2*a**2 - 28*a + 11 + 0 + u. Calculate the remainder when 24 is divided by o(-14).
10
Let g be -8 - (-3 - (-3 - 1)). Let l be 1/((-7)/(-21)*g/(-15)). Calculate the remainder when 56 is divided by l - 90/(0 - 6).
16
Let h(j) = 9636*j**2 - 18*j + 5. Calculate the remainder when h(2) is divided by 147.
146
Let h(p) = p**2 - 36*p - 798. What is the remainder when h(61) is divided by 14?
13
Suppose 3*q - 231 - 561 = 0. Suppose -15*v = -6 - q. What is the remainder when v is divided by 2?
0
Suppose 0 = 5*h + 15, -3*h - 68 = 3*j + 22. Let u = j + 48. Calculate the remainder when 117 is divided by u.
12
Suppose -5*k - 4*y = -2447, y - 1471 = -26*k + 23*k. Calculate the remainder when k is divided by 95.
16
Let z(b) be the second derivative of 3*b**5/20 + 19*b**4/6 + 23*b**3/6 - b**2 + 90*b - 1. What is the remainder when 757 is divided by z(-12)?
7
Let f = -11591 - -11614. Calculate the remainder when 1551 is divided by f.
10
Suppose 12*r - 1152 = -936. Let p(g) = g**3 + 8*g**2 + 7*g + 5. Let m be p(-7). Suppose -33 = -m*a + 317. Calculate the remainder when a is divided by r.
16
Let i(d) = 8*d**3 - 4*d**2 - 3*d - 2. Let j be i(-3). Let f = j - -256. What is the remainder when 251 is divided by f?
9
Let k(n) = n**2 - 67*n + 1339. Calculate the remainder when 1091 is divided by k(32).
215
Let c be 126/36 - 10/8*-2. Suppose 0 = -c*s + 63 - 51. What is the remainder when 100 is divided by s?
0
Let q = 636 - 401. Suppose 0*b - 5*m = 2*b - q, 0 = b - 2*m - 131. Calculate the remainder when b is divided by 17.
6
Let i be 5790/16 - (-12)/96. Suppose -400 = 352*g - i*g. Calculate the remainder when 185 is divided by g.
25
Let l(j) = 20*j - 3. Suppose 424*a = 634 + 5302. Calculate the remainder when l(4) is divided by a.
7
Let s(q) = 14*q + 3*q**2 + 6 - 21*q - 6*q. What is the remainder when (6/(-5))/(2/(-115)) is divided by s(6)?
33
Suppose 0 = 5*g - p - 167, -4*p + 13 = 21. What is the remainder when 380/6*9/6 is divided by g?
29
Let h = 3915 - 3713. Calculate the remainder when h is divided by 116.
86
Let i = 75 - 147. Let o = i + 73. Let r = 3 + o. Calculate the remainder when 5 is divided by r.
1
Let o = -15 - -45. Let x(d) = 12*d - 13. Let p be x(2). Let c = 27 - p. What is the remainder when o is divided by c?
14
Let x = -1444 + 2439. Suppose 0 = -8*h - 155 + x. What is the remainder when h is divided by 8?
1
Let y(t) = 17*t**2 + 54*t - 184. What is the remainder when 391 is divided by y(-6)?
79
Let k(t) = t**3 - 50*t**2 + 579*t + 41. Calculate the remainder when k(32) is divided by 4*6 - (1 + -1).
17
Suppose 16 = -7*m + 23. Suppose -2*c = 9 - m, 2*s + c = 160. Let p = -227 + 244. Calculate the remainder when s is divided by p.
14
Suppose -77 + 87 = 5*y. Suppose -3*u + 2*u + l = -8, y*u = 4*l + 22. What is the remainder when u is divided by 3?
2
Let d = 75 - 51. Suppose -23*j + 129*j = 229 + 407. Let q = d - j. What is the remainder when 48 is divided by q?
12
Let y = -24 + 206. Suppose 0 = 2*z - 2*a - y, -4*z + 5*a = -0*z - 361. Calculate the remainder when z is divided by 49.
45
Let s = -22 - -32. Suppose 5*f - 1210 = 2*o, -2*f - o + 2*o + 483 = 0. What is the remainder when (-7)/35 - f/(-20) is divided by s?
2
Let r = -166 + 171. Suppose -r*c + 1310 = 545. What is the remainder when c is divided by 49?
6
Let q = 19 - 16. Suppose 0 = -q*t - 75 + 33. Let r(g) = -4*g - 11. Calculate the remainder when r(t) is divided by 12.
9
Let u = 8566 - 8509. Calculate the remainder when 17724 is divided by u.
54
Suppose 0 = h - 2*h + 9. Let y(f) = -f**2 + 15*f - 4. Let j be y(h). Let o = j - -8. What is the remainder when o is divided by 12?
10
Let y(p) = 33*p + 1179. What is the remainder when 291 is divided by y(-33)?
21
Calculate the remainder when 328 is divided by (119034/595 - 15) + 2/(-35).
143
Suppose 1608 - 10 = 17*h. Let w = h - 95. Calculate the remainder when -5 + w*(-100 + 3) is divided by 19.
16
Let b(j) = -14*j**2 + 1233*j - 58. Let w be (2/5)/((-2)/10). Calculate the remainder when b(88) is divided by 12 - (w - -2)*-1.
6
Suppose -9*i + 900 = -2005 - 2738. Calculate the remainder when i is divided by 91.
81
Suppose -189*a + 153*a = -226764. Calculate the remainder when a is divided by 46.
43
Let f(t) be the second derivative of -2*t**3/3 - 13*t**2/2 - 5*t. Let l be 4/8*224/(-14). What is the remainder when 93 is divided by f(l)?
17
Let a(m) = -2*m**3 + 97*m**2 - 50*m + 104. Calculate the remainder when a(48) is divided by 7.
1
Let l = -1590 - -1600. What is the remainder when 4507 is divided by l?
7
Let r = -